 is divided by 4.
3
What is the remainder when 384 is divided by 7?
6
Calculate the remainder when 1246 is divided by 43.
42
What is the remainder when 1413 is divided by 83?
2
What is the remainder when 244 is divided by 65?
49
Calculate the remainder when 96 is divided by 49.
47
Calculate the remainder when 126 is divided by 35.
21
What is the remainder when 4798 is divided by 80?
78
What is the remainder when 31 is divided by 7?
3
Calculate the remainder when 251 is divided by 37.
29
What is the remainder when 109 is divided by 10?
9
Calculate the remainder when 6418 is divided by 12.
10
Calculate the remainder when 1610 is divided by 402.
2
What is the remainder when 549 is divided by 263?
23
Calculate the remainder when 283 is divided by 29.
22
What is the remainder when 207 is divided by 88?
31
What is the remainder when 33 is divided by 12?
9
What is the remainder when 473 is divided by 138?
59
Calculate the remainder when 530 is divided by 19.
17
What is the remainder when 193 is divided by 4?
1
Calculate the remainder when 20 is divided by 6.
2
What is the remainder when 175 is divided by 75?
25
What is the remainder when 358 is divided by 119?
1
Calculate the remainder when 1509 is divided by 54.
51
Calculate the remainder when 463 is divided by 54.
31
Calculate the remainder when 518 is divided by 23.
12
What is the remainder when 1811 is divided by 599?
14
What is the remainder when 1322 is divided by 366?
224
What is the remainder when 253 is divided by 63?
1
Calculate the remainder when 1332 is divided by 29.
27
Calculate the remainder when 2627 is divided by 146.
145
Calculate the remainder when 53 is divided by 11.
9
Calculate the remainder when 2721 is divided by 895.
36
Calculate the remainder when 765 is divided by 24.
21
Calculate the remainder when 10031 is divided by 176.
175
What is the remainder when 705 is divided by 177?
174
Calculate the remainder when 4987 is divided by 96.
91
What is the remainder when 154 is divided by 54?
46
What is the remainder when 19 is divided by 13?
6
What is the remainder when 204 is divided by 66?
6
What is the remainder when 43 is divided by 3?
1
What is the remainder when 51 is divided by 26?
25
What is the remainder when 7291 is divided by 26?
11
Calculate the remainder when 33767 is divided by 18.
17
Calculate the remainder when 302 is divided by 103.
96
Calculate the remainder when 73 is divided by 53.
20
Calculate the remainder when 1498 is divided by 60.
58
Calculate the remainder when 30742 is divided by 43.
40
Calculate the remainder when 2361 is divided by 11.
7
Calculate the remainder when 3685 is divided by 1228.
1
What is the remainder when 5213 is divided by 33?
32
What is the remainder when 290 is divided by 168?
122
Calculate the remainder when 461 is divided by 14.
13
Calculate the remainder when 1943 is divided by 12.
11
Calculate the remainder when 158 is divided by 64.
30
Calculate the remainder when 4138 is divided by 180.
178
What is the remainder when 638 is divided by 25?
13
What is the remainder when 3261 is divided by 30?
21
What is the remainder when 56 is divided by 46?
10
What is the remainder when 255 is divided by 32?
31
What is the remainder when 6302 is divided by 34?
12
Calculate the remainder when 4525 is divided by 4524.
1
Calculate the remainder when 52 is divided by 1.
0
What is the remainder when 89 is divided by 30?
29
What is the remainder when 867 is divided by 164?
47
Calculate the remainder when 22 is divided by 6.
4
What is the remainder when 4799 is divided by 24?
23
Calculate the remainder when 226 is divided by 57.
55
What is the remainder when 1936 is divided by 150?
136
Calculate the remainder when 40973 is divided by 26.
23
Calculate the remainder when 124 is divided by 66.
58
Calculate the remainder when 304 is divided by 59.
9
What is the remainder when 9718 is divided by 120?
118
What is the remainder when 133 is divided by 60?
13
Calculate the remainder when 105 is divided by 29.
18
What is the remainder when 802 is divided by 7?
4
Calculate the remainder when 1459 is divided by 23.
10
Calculate the remainder when 30043 is divided by 166.
163
Calculate the remainder when 196 is divided by 11.
9
What is the remainder when 363 is divided by 8?
3
What is the remainder when 114 is divided by 12?
6
What is the remainder when 70 is divided by 67?
3
What is the remainder when 351 is divided by 84?
15
What is the remainder when 214 is divided by 36?
34
Calculate the remainder when 2407 is divided by 613.
568
Calculate the remainder when 509 is divided by 6.
5
What is the remainder when 136 is divided by 29?
20
What is the remainder when 1508 is divided by 24?
20
Calculate the remainder when 2573 is divided by 14.
11
Calculate the remainder when 64 is divided by 6.
4
What is the remainder when 1812 is divided by 229?
209
Calculate the remainder when 2830 is divided by 48.
46
Calculate the remainder when 701 is divided by 19.
17
Calculate the remainder when 2587 is divided by 73.
32
What is the remainder when 111 is divided by 14?
13
Calculate the remainder when 7768 is divided by 222.
220
What is the remainder when 817 is divided by 21?
19
Calculate the remainder when 67 is divided by 34.
33
Calculate the remainder when 214 is divided by 32.
22
What is the remainder when 92 is divided by 23?
0
What is the remainder when 70 is divided by 12?
10
Calculate the remainder when 1117 is divided by 2.
1
What is the remainder when 1494 is divided by 137?
124
Calculate the remainder when 1477 is divided by 408.
253
What is the remainder when 42 is divided by 12?
6
What is the remainder when 694 is divided by 28?
22
What is the remainder when 9343 is divided by 22?
15
What is the remainder when 7186 is divided by 12?
10
What is the remainder when 156 is divided by 50?
6
What is the remainder when 44 is divided by 15?
14
What is the remainder when 233 is divided by 92?
49
What is the remainder when 19 is divided by 14?
5
Calculate the remainder when 94 is divided by 35.
24
Calculate the remainder when 7667 is divided by 24.
11
Calculate the remainder when 118 is divided by 30.
28
Calculate the remainder when 78 is divided by 17.
10
What is the remainder when 73 is divided by 11?
7
Calculate the remainder when 7613 is divided by 272.
269
What is the remainder when 362 is divided by 103?
53
Calculate the remainder when 628 is divided by 321.
307
What is the remainder when 8249 is divided by 32?
25
Calculate the remainder when 387 is divided by 14.
9
Calculate the remainder when 3018 is divided by 47.
10
Calculate the remainder when 254 is divided by 34.
16
Calculate the remainder when 5364 is divided by 59.
54
What is the remainder when 197 is divided by 40?
37
What is the remainder when 75 is divided by 7?
5
What is the remainder when 645 is divided by 26?
21
Calculate the remainder when 185 is divided by 31.
30
What is the remainder when 287 is divided by 8?
7
Calculate the remainder when 584 is divided by 577.
7
What is the remainder when 1173 is divided by 255?
153
Calculate the remainder when 3603 is divided by 44.
39
What is the remainder when 855 is divided by 6?
3
Calculate the remainder when 150 is divided by 147.
3
What is the remainder when 520 is divided by 175?
170
What is the remainder when 110 is divided by 37?
36
What is the remainder when 24651 is divided by 21?
18
What is the remainder when 1087 is divided by 543?
1
What is the remainder when 421 is divided by 53?
50
What is the remainder when 304 is divided by 78?
70
Calculate the remainder when 2238 is divided by 83.
80
Calculate the remainder when 251 is divided by 26.
17
Calculate the remainder when 174 is divided by 143.
31
Calculate the remainder when 1146 is divided by 164.
162
Calculate the remainder when 296 is divided by 4.
0
Calculate the remainder when 202 is divided by 34.
32
Calculate the remainder when 150 is divided by 11.
7
What is the remainder when 580 is divided by 23?
5
Calculate the remainder when 897 is divided by 45.
42
Calculate the remainder when 243 is divided by 48.
3
What is the remainder when 4736 is divided by 47?
36
Calculate the remainder when 2018 is divided by 13.
3
What is the remainder when 268 is divided by 68?
64
What is the remainder when 83 is 